 13*z**2 - 5*z + 1. List the prime factors of n(w).
127
Let h(q) = q**2 - 4*q + 4. Let i be h(0). Suppose -48 - 288 = -i*a. List the prime factors of a.
2, 3, 7
Let g = 7643 - 3974. What are the prime factors of g?
3, 1223
Let a = -719 - -969. List the prime factors of a.
2, 5
Suppose -20 = -4*k + 12. Suppose -4*m - b - 2*b + 37 = 0, 5*b - k = m. What are the prime factors of m?
7
Let m(a) be the second derivative of -5*a**3 - 5*a**2 + 3*a. Let z be m(-3). Suppose 6*k - k = z. What are the prime factors of k?
2
Suppose -d + 3*z = 16 + 6, 2*d + 2*z + 44 = 0. Let q be (0 - 0) + -2 + d. Let m = -10 - q. What are the prime factors of m?
2, 7
Let l(f) = 92*f**3 - 28*f**2 + 10*f - 9. List the prime factors of l(4).
5471
Suppose -58*k - 51604 = -96*k. What are the prime factors of k?
2, 7, 97
Let t be ((-30)/(-35))/((-3)/(-63)). Let d = t + -9. Suppose -d*n + 3*n = -30. What are the prime factors of n?
5
Let v be 200 + 2 - ((-15)/(-3) + -4). Let t = 310 - v. What are the prime factors of t?
109
Let p(a) be the first derivative of a**3/3 - 3*a**2 + 6*a - 2. Let y = 13 + -5. List the prime factors of p(y).
2, 11
Let n be ((-15)/45)/((-2)/(-12)). Let s = n - -18. What are the prime factors of s?
2
Let x(l) = l**3 - 3*l**2 + 3*l - 6. Let j be x(3). Suppose 0 = p - j*t + 25, 149 + 18 = -5*p + t. Let m = p - -71. What are the prime factors of m?
37
What are the prime factors of (-2)/(-6 + 66620/11105)?
2221
Let v = 5 + -5. Suppose 46 = -2*t - v. Let c = -13 - t. List the prime factors of c.
2, 5
Let m = -138 - -150. List the prime factors of -285*(0 + (-8)/m).
2, 5, 19
Let w(n) = 7 - 5 - n - 3. Let m be w(-5). Suppose m*x - 2*u - 204 = -0*u, x - 40 = -5*u. List the prime factors of x.
2, 5
Let d be ((-35)/(-28))/((-2)/(-1664)). Suppose 2*a + 3*a = d. Suppose 15 = 5*p, 5*p - a + 18 = -5*r. What are the prime factors of r?
5, 7
Suppose -5 = 4*g + 5*r - 2*r, -4*g = 2*r + 2. What are the prime factors of ((-106)/5)/(g/(-10))?
2, 53
Let c(p) = p - 9. Let v be c(9). Let w(q) be the first derivative of q**2/2 + 14*q + 1. List the prime factors of w(v).
2, 7
Suppose 0 = -21*g + 39217 - 13408. What are the prime factors of g?
1229
Suppose -5*j + 665 = 4*d, 5*j - 576 = 4*d + 89. Let m = 224 - j. List the prime factors of m.
7, 13
Suppose 3*h - 2 - 8 = 2*i, h + 4*i = 8. Let m(g) = -g**2 + 6*g - 5. Let k be m(h). Suppose 0 = k*o - 6, -5*d - 3*o + 14 = -3*d. What are the prime factors of d?
2
Suppose h - 155 - 28 = 5*u, h - 3*u - 173 = 0. Let m = h + -89. What are the prime factors of m?
3, 23
Suppose 0*y = y + 10. Let d be 28/(-140) + (-4)/5. Let u = d - y. List the prime factors of u.
3
Let m be 3/((-3)/12 - 70/(-312)). List the prime factors of 2/((-2)/m*3).
3, 13
Suppose 0 = 3*r + 29 - 35. Suppose 0 = v - 2, -2*t = 2*v - 3*v - 8. Suppose -a + r*z = -40, -62 - 91 = -3*a - t*z. What are the prime factors of a?
2, 23
Let c(s) = s + 3. Let t be c(-2). Let u be (-1 - -1)/(2/t). Suppose 5*l = -u*a + 4*a - 139, 3 = -l. List the prime factors of a.
31
Let p(l) = 161*l - 1. Let j be p(1). Suppose -1 = 3*i - j. Let a = i + -23. What are the prime factors of a?
2, 3, 5
Let o(c) = -c**3 - 6*c**2 + 17*c - 11. Let g be o(-9). Let i = g - 57. List the prime factors of i.
2, 11
Let o be (3 - (-2 + 4))*1. Let a = o - 1. Suppose a = x - 3 - 14. List the prime factors of x.
17
Suppose 5*q = 4*t - 107, 5*t - 4*q = 3*t + 58. Suppose 0 = 5*c - t - 2. Suppose 105 = c*u - 5*d, 2*u + d = -u + 79. What are the prime factors of u?
5
Let l = 386 - -160. List the prime factors of l.
2, 3, 7, 13
Let w = 89 - 24. Suppose w + 265 = 5*u. What are the prime factors of u?
2, 3, 11
Let g(y) be the second derivative of 0 + 1/12*y**4 - y**2 - 1/2*y**3 + 6*y. What are the prime factors of g(-4)?
2, 13
Let s(g) = -9*g - 1. Let o(a) = 9*a. Let z(f) = 6*o(f) + 5*s(f). Let b(i) = i**2 + 5*i - 8. Let r be b(-7). What are the prime factors of z(r)?
7
Let f = 12 + -12. Let y(p) = -3*p + 9. Let t be y(f). Let n = 48 + t. What are the prime factors of n?
3, 19
Suppose -10*c - 3*v = -15*c + 8055, -5*v - 6444 = -4*c. What are the prime factors of c?
3, 179
Let i be -3*2*23/(-6). Let f = -23 + i. Suppose f = 5*s - 2*s - 18. List the prime factors of s.
2, 3
Let z(w) = -767*w + 267. List the prime factors of z(-5).
2, 7, 293
Suppose 0 = 5*d - 10, 4*d = -4*q + 2*q + 48. Let v = 18 - q. List the prime factors of 9/(v + (-5)/(-2)).
2, 3
Let m(u) = -u + 16. Let l be m(13). Suppose 2*n + 15 = l*r - 391, -r - 3*n = -139. What are the prime factors of r?
2, 17
Suppose 4*x + 0 = -36. Let a be (x/(-18))/((-1)/(-8)). Suppose -3*z = -a*z + 24. List the prime factors of z.
2, 3
Suppose 24 = 6*h + 2*h. Suppose h*j = -0*j + 243. List the prime factors of j.
3
Let i(l) be the first derivative of l**4/6 - 4*l**3/3 - 5*l**2/2 + 8. Let b(s) be the second derivative of i(s). List the prime factors of b(5).
2, 3
Let j(d) = 100*d + 101. What are the prime factors of j(10)?
3, 367
Suppose k + 2*w - 727 = 0, 0*k + 739 = k - 4*w. What are the prime factors of k?
17, 43
Let a(b) be the second derivative of b**5/20 + b**4/3 - b**3/3 - 5*b**2/2 + 107*b. Suppose 5*f = -16 - 4. List the prime factors of a(f).
3
Let l(o) = o + 17. Let k be l(-5). Let c = 29 + k. List the prime factors of c.
41
Let w(j) = -121*j + 41. List the prime factors of w(-3).
2, 101
Let c(k) = 32*k - 12. Let s(g) = -g**3 + 7*g**2 - 6*g + 4. Let o be s(6). List the prime factors of c(o).
2, 29
What are the prime factors of ((-41544)/28)/((-20)/70)?
3, 577
Suppose -6*r + 2 - 224 = 0. Let w = r - -52. What are the prime factors of w?
3, 5
Let l = 1119 + 1711. List the prime factors of l.
2, 5, 283
Let q(g) = -1726*g - 39. List the prime factors of q(-2).
3413
List the prime factors of 91147/42 + 0 + (-4)/24.
2, 5, 7, 31
Let z = 18 - 18. Let m be 8*((-1)/1 - z). What are the prime factors of ((-8)/(-6))/(m/(-84))?
2, 7
Let q(o) = o**3 + 8*o**2 - 2*o - 1. Suppose -6*i + 12 = -9*i. What are the prime factors of q(i)?
71
Suppose -1900 + 60 = -10*t. Suppose 0 = -5*i - 24 + t. What are the prime factors of i?
2
Let j be 2/((-10)/(-60)*-3). Let p = -2 - -3. List the prime factors of j/1 - (-51)/p.
47
Let y(r) be the first derivative of -5*r**2/2 + 5*r - 3. Let o be y(4). What are the prime factors of o/10*64/(-6)?
2
Let p(y) = y**2 + 15*y + 120. What are the prime factors of p(25)?
2, 5, 7
Let w be (-133)/(-2) + 2/(-4). Suppose 3*h + 2*j + 88 = 0, -3*j - 116 = 3*h - 32. Let v = w + h. List the prime factors of v.
2, 17
Let o = 1683 + 89. What are the prime factors of o?
2, 443
Suppose 4*g + 6 = 6*g. Suppose -5 = 4*m + g. Let r(p) = -4*p**3 - p**2 - p - 2. List the prime factors of r(m).
2, 7
Let s be (-10)/(-15)*-5*-6. Suppose f - 28 = -3*o - 4*f, 3*f - s = -2*o. List the prime factors of o.
2
Suppose -5*l + 17 = -3. Suppose 1 = -z + 5*h + l, 3*h - 15 = 0. What are the prime factors of z?
2, 7
Suppose 2*c = -2*y - y - 24, -2*c + 16 = -y. Let x = y - -44. List the prime factors of x.
2, 17
Let k be 7/(-42) + 59/(-6). Let n = 15 + k. Suppose -52 = -4*l + 5*t + 62, -2*l + 62 = -n*t. What are the prime factors of l?
2, 13
Let b = 570 + 389. List the prime factors of b.
7, 137
Let z be 116*4/(-1 + 9). Let d = z + -3. What are the prime factors of d?
5, 11
Let z(a) = 745*a + 37. List the prime factors of z(2).
3, 509
Let r = -232 + 478. Suppose -3*q - 5*i + 119 = 0, -4*i + r = 4*q + 82. What are the prime factors of q?
43
Let h(u) = -u + 3. Let k be h(1). Suppose -j + 6 = -k*j. Let i = 29 + j. List the prime factors of i.
23
Let d(w) = -w**2 + 5*w + 5. Let u be d(6). Let o be -2*(u + 17)/(-4). Let x = o - 5. List the prime factors of x.
3
Let m = 16 - 10. Suppose -4*s - 3 = -o, m = -s + 4*s + 2*o. Suppose s = -4*u - 16, 3*p + 91 = 3*u + 214. List the prime factors of p.
37
Let k = 68 - 75. Suppose 0*a - 2*a = -38. Let g = k + a. What are the prime factors of g?
2, 3
Let p be 30/5*(-2)/6. Let h be p + 1 + 2*21. Suppose 0 = u, z - 2*u - 2*u = h. What are the prime factors of z?
41
Let w be 13645*14/245 - (-2)/7. Suppose -14*a + 10*a = -w. List the prime factors of a.
3, 5, 13
Let s(y) be the third derivative of -2*y**4/3 + 35*y**3/6 - 35*y**2. List the prime factors of s(-13).
3
Let i(c) = -c**2 + 13*c + 7. Suppose 2 = -4*o + 26. What are the prime factors of i(o)?
7
Suppose 3*g - 108